e prime factors of z?
2, 3
Let j = 13 + -4. Suppose -208 = -13*p + j*p. List the prime factors of p.
2, 13
Let k(l) = 5*l**3 - 1. What are the prime factors of k(2)?
3, 13
Let a = 305 - 144. What are the prime factors of a?
7, 23
Let x(t) = -t**2 - 20*t - 3. List the prime factors of x(-17).
2, 3
Suppose 5*y + 55 = 195. List the prime factors of y.
2, 7
Let f(h) = 12*h - 9. What are the prime factors of f(3)?
3
Suppose -2*f = -4*f. Let p = f - -4. Suppose w + 4*z = -p*w + 50, -w - 2*z = -10. What are the prime factors of w?
2, 5
Suppose 23 = 4*i + 3. Let k be ((-4)/(-12))/((-4)/(-36)). Let v = i - k. List the prime factors of v.
2
List the prime factors of (-42)/(-10) + 1/(-5).
2
Suppose 3*d - 5*s = -25, 3*d + s = -4*s + 25. Suppose -b - 5*v + 13 = 4, 4*b - 2*v - 58 = d. List the prime factors of b.
2, 7
Suppose -2*b = 0, 0*t - 3*t = 5*b. List the prime factors of 0 - -13*(1 - t).
13
Let r(p) = 77*p**3 + p**2 + 3*p - 2. What are the prime factors of r(1)?
79
Let b(y) = 4*y + 9. List the prime factors of b(7).
37
Suppose -b - 2*b = -27. Let v = b - 4. What are the prime factors of v?
5
Suppose 0 = -5*v - 6*n + 7*n + 196, 0 = -3*v + 2*n + 119. List the prime factors of v.
3, 13
Let t(s) = -s**2 - 8*s + 12. Let n be t(-9). Suppose -3*h + 3 + n = 0. What are the prime factors of ((-19)/h)/(4/(-8))?
19
What are the prime factors of ((-3)/6)/((-1)/94)?
47
Suppose -107 = -3*h - 38. List the prime factors of h.
23
Let y be (-39)/(-2)*(-6)/(-9). Let o = 22 - y. List the prime factors of o.
3
Suppose -7*m - 2*n + 1412 = -2*m, -2*m = -5*n - 588. List the prime factors of m.
2, 71
Let v = -20 + 20. Suppose -n = -v*n - 30. What are the prime factors of n?
2, 3, 5
Let v(n) = n**3 + 5*n**2 - 6*n + 8. Let z be v(-6). Let q be (0 - z/(-1)) + 2. Suppose 0 = y + y - q. List the prime factors of y.
5
What are the prime factors of 14/(-77) - 662/(-11)?
2, 3, 5
Let w(t) = 2*t + 6. Let j be w(7). Suppose -2*u + 7*u - j = 0. Suppose -m - u*v + 24 = 2, -4*m = 3*v - 49. What are the prime factors of m?
2, 5
Let d = -553 - -349. Suppose 2*i - 60 = -24. What are the prime factors of (-2)/(-3) - d/i?
2, 3
Let h = -2 + 2. Suppose h = -2*a + 34. List the prime factors of a.
17
Let n be (-4)/(-6) + 21/9. Let i = n - 3. Suppose -p - 3*p = 4*g - 28, i = -5*p - 2*g + 44. List the prime factors of p.
2, 5
Suppose 0*s = 4*s + 5*p - 20, 4*s = 2*p - 8. Suppose -5*j + 95 = -s*j. What are the prime factors of j?
19
Let n = -5 + 9. Let k be n/4 - (1 + -2). What are the prime factors of (3/(-4))/(k/(-48))?
2, 3
Suppose -5*l = -3*u - 7, -u = -4*l - l + 9. Suppose -6*a + l*a + 28 = 0. What are the prime factors of a?
7
Let l(b) = 1 - b - 2 - b**3 - 1 - 3 - 3*b**2. Let i be l(-4). Suppose -x - q = -0*q - 15, 4*x = 5*q + i. What are the prime factors of x?
2, 5
What are the prime factors of 3/(-6)*(-15 - -5)?
5
Suppose d - 2*d - 21 = 0. List the prime factors of 2/7 + (-141)/d.
7
Let n = 12 - 16. Let d = n + 13. What are the prime factors of d?
3
Let z be 1/1*-4*-1. Suppose -z*d + 3*d + 17 = 0. List the prime factors of d.
17
Suppose 0 = 5*t - 27 + 7. Suppose 64 = 8*o - t*o. List the prime factors of o.
2
Let g(y) = -35*y - 1. List the prime factors of g(-1).
2, 17
Let u be (-6)/4*(-64)/12. Suppose -2*s = -3*c - 14, 4*c - 4*s = 8*c - u. What are the prime factors of -3*(-2)/(-6)*c?
2
Let m = -410 + 584. List the prime factors of m.
2, 3, 29
Suppose 2*k - g = 54 + 91, -5*k - 3*g + 335 = 0. Suppose d = 2*j + 8, 5*d + 7*j - k = 2*j. List the prime factors of d.
2, 3
List the prime factors of (-2 - 2 - -43) + 4.
43
Suppose q + 59 = -4*u, -3 = -5*q + 2. Let r(v) = -v**2 - 16*v + 4. What are the prime factors of r(u)?
19
Suppose 84 = -5*f - 456. Let k = f - -158. Suppose 3*b = -2*b + k. List the prime factors of b.
2, 5
Let x = 7 + -12. List the prime factors of ((-2)/x)/(3/90).
2, 3
Let s(i) = i**2 + 2*i + 2. Let q be s(-4). Suppose q = -4*n + 34. What are the prime factors of n?
2, 3
Let w(x) be the second derivative of -x**3/2 + 3*x**2/2 + x. What are the prime factors of w(-6)?
3, 7
Let b(a) be the first derivative of -a**3/3 - 3*a**2/2 - 2*a + 1. Let k(v) be the first derivative of b(v). What are the prime factors of k(-3)?
3
Let a = -3 - -1. Let k = a - -5. Suppose 0 = -k*u + 7*u - 24. What are the prime factors of u?
2, 3
Let d be 1/((-7)/2 - -3). Let x be 0/(d/4*-4). Suppose -2*t - 3*w = -42, -2*t - 4*w + x*w = -46. List the prime factors of t.
3, 5
Let l(j) = -2*j**2 - j - 1. Let w be l(-3). Let q = w + 25. List the prime factors of q.
3
Let g be 130/8 + 3/(-12). Suppose 0 = -6*v + v - 4*u + g, 3*v - 4*u - 16 = 0. Suppose 20 = -5*n, -22 = -h + v*n + n. What are the prime factors of h?
2
Suppose -4*t = h + 354, 2*t + 3*t = 4*h - 453. Let l = 124 + t. List the prime factors of l.
5, 7
Let l = 10 + -4. Let s = 9 - l. List the prime factors of s.
3
Let s = -2 - -2. Let n = 2 + s. Suppose -5 = 5*g, n*k - 1 - 30 = -5*g. List the prime factors of k.
2, 3
List the prime factors of 4/10 + (-432)/(-20).
2, 11
Let c(t) = -t + 2. Let w be c(2). Suppose w = 4*b - 28 - 24. List the prime factors of b.
13
Let g(v) = 67*v**2 - v + 1. List the prime factors of g(1).
67
Let n be 46 + (-1 - 2)*1. Suppose 0*u - 3*v - 15 = -3*u, -3*u = 4*v - n. What are the prime factors of 6/u - (-38)/6?
7
Suppose -3*v = -3*j - 27, 0 = 5*j - 2*v - 14 + 50. Let i be (j/4)/((-2)/(-4)). Let r(s) = -s - 1. What are the prime factors of r(i)?
2
Let c(m) = -11*m + 4. Let i be c(-5). Let k = -36 + i. List the prime factors of k.
23
Let h = 5 - -39. What are the prime factors of h?
2, 11
Suppose 0 = 12*a - 16*a + 52. List the prime factors of a.
13
Suppose 0 = 5*l - 4*t - 40, 5*l = -0*l - 4*t. Suppose -2*s + 6*s = 5*x + 12, 5*s - l*x - 15 = 0. What are the prime factors of s?
3
Let m(y) be the third derivative of y**6/20 + y**5/30 - y**3/6 + 2*y**2. What are the prime factors of m(1)?
7
Let j(y) = -y**2 + 10*y - 11. Let w be (-2)/(-9) - (-140)/18. List the prime factors of j(w).
5
Suppose 23 - 8 = 3*q. Let z = 36 + -21. Suppose q = 5*p - z. List the prime factors of p.
2
Suppose 2*g = -2*g + 12. Suppose -12 = -z - d, -8*z + d + 66 = -g*z. What are the prime factors of z?
13
Suppose 0 = -q - 0*w - 4*w + 51, 4*w + 51 = q. List the prime factors of q.
3, 17
List the prime factors of (-3)/(-5) - (2496/5)/(-3).
167
Suppose -u - 4*u + 95 = 0. List the prime factors of u.
19
Suppose k = -3*n + 42, 3*n + 168 = 4*k + 8*n. What are the prime factors of k?
2, 3, 7
Suppose -2*r - 3*r + 162 = -y, 2*r - 4*y = 54. Suppose r = 2*h + h. What are the prime factors of h?
11
Suppose 7*u = 4*j + 3*u + 32, u + 6 = -j. Let m be 2/j - (-60)/14. Let z = 18 - m. What are the prime factors of z?
2, 7
Let v(n) = 2*n**2 - 4*n. Let k be v(3). Let g = k + -7. List the prime factors of (12/(-3))/g*2.
2
Suppose 2*t - 4*p - 22 = 0, 0 = 2*t - 4*p + 3*p - 25. Suppose -3*x - t = -4. Let u = x + 6. List the prime factors of u.
3
Let q = 105 + -70. Let s = q - 23. List the prime factors of s.
2, 3
Suppose -5*q - 48 = -18. Let l = 19 + q. Let k = -7 + l. List the prime factors of k.
2, 3
Let j be -2 - (-9 - 1 - 0). Let w be (4 - 0) + -2 + 2. Suppose j = 4*z - w. What are the prime factors of z?
3
Let c be 17/2 + (-3)/(-6). Let g = 10 - c. List the prime factors of (13/4)/(g/4).
13
Let j(k) = k**3 - k + 1. Let p be j(0). Suppose -w + p = 0, 0 = u - 4*u + 5*w + 61. Let s = -12 + u. What are the prime factors of s?
2, 5
Let x = -61 - -112. List the prime factors of x.
3, 17
Let s(r) = -28*r**3 + r**2 + 3*r + 1. List the prime factors of s(-1).
3
Let z be 6/6*(-34)/1. Suppose 4*b + 42 = -3*g, g - 5*b - 6 = -39. What are the prime factors of z/(-3) + (-12)/g?
2, 3
Let o = -283 - -581. List the prime factors of o.
2, 149
List the prime factors of 6*(-201)/(-6) + (1 - 5).
197
Let x(c) = -2 - c**2 + 0*c**2 - 3 + 0 - 7*c. What are the prime factors of x(-4)?
7
Let m(g) = -g**2 - 15*g + 19. Let w be m(-13). What are the prime factors of (w/18)/((-2)/(-24))?
2, 3, 5
Suppose -3*l = 5*s - 1, -3*l + 6 = -3*s - 3. Suppose b - 2*m + 3 = -2*b, l = -2*b + 3*m. Let d = 4 + b. What are the prime factors of d?
3
Suppose -4*t - 1 = -3*y, y - 20 = -2*t - 3. Let h(f) = -f**2 + 7*f + 1. Let k be h(y). Let d(z) = 4*z - 1. List the prime factors of d(k).
3
Let g(o) = 2*o**2 + 2*o - 1. Let f 